{"id":2083,"date":"2026-04-22T15:39:44","date_gmt":"2026-04-22T13:39:44","guid":{"rendered":"https:\/\/le-caillou.le-pic.org\/?post_type=tribe_events&#038;p=2083"},"modified":"2026-04-22T15:59:45","modified_gmt":"2026-04-22T13:59:45","slug":"expositions-a-la-galerie-loin-de-loeil-de-gaillac","status":"publish","type":"tribe_events","link":"https:\/\/le-caillou.le-pic.org\/?tribe_events=expositions-a-la-galerie-loin-de-loeil-de-gaillac","title":{"rendered":"Exposition: galerie &lsquo;loin de l\u2019\u0153il&rsquo; . Gaillac"},"content":{"rendered":"<h2><strong>Gudrun Schwenk. Maurice Grelaud. S\u00e9bastien Tarot. exposeront leurs \u0153uvres .<\/strong><\/h2>\n<h3><strong>Vernissage le samedi 13 juin \u00e0 partir de 16 heures<\/strong><\/h3>\n","protected":false},"excerpt":{"rendered":"<p>Gudrun Schwenk. Maurice Grelaud. S\u00e9bastien Tarot. exposeront leurs \u0153uvres . Vernissage le samedi 13 juin \u00e0 partir de 16 heures<\/p>\n","protected":false},"author":2,"featured_media":0,"template":"","meta":{"_crdt_document":"","_tribe_events_status":"","_tribe_events_status_reason":"","footnotes":""},"tags":[],"tribe_events_cat":[],"class_list":["post-2083","tribe_events","type-tribe_events","status-publish","hentry"],"_links":{"self":[{"href":"https:\/\/le-caillou.le-pic.org\/index.php?rest_route=\/wp\/v2\/tribe_events\/2083","targetHints":{"allow":["GET"]}}],"collection":[{"href":"https:\/\/le-caillou.le-pic.org\/index.php?rest_route=\/wp\/v2\/tribe_events"}],"about":[{"href":"https:\/\/le-caillou.le-pic.org\/index.php?rest_route=\/wp\/v2\/types\/tribe_events"}],"author":[{"embeddable":true,"href":"https:\/\/le-caillou.le-pic.org\/index.php?rest_route=\/wp\/v2\/users\/2"}],"version-history":[{"count":5,"href":"https:\/\/le-caillou.le-pic.org\/index.php?rest_route=\/wp\/v2\/tribe_events\/2083\/revisions"}],"predecessor-version":[{"id":2089,"href":"https:\/\/le-caillou.le-pic.org\/index.php?rest_route=\/wp\/v2\/tribe_events\/2083\/revisions\/2089"}],"wp:attachment":[{"href":"https:\/\/le-caillou.le-pic.org\/index.php?rest_route=%2Fwp%2Fv2%2Fmedia&parent=2083"}],"wp:term":[{"taxonomy":"post_tag","embeddable":true,"href":"https:\/\/le-caillou.le-pic.org\/index.php?rest_route=%2Fwp%2Fv2%2Ftags&post=2083"},{"taxonomy":"tribe_events_cat","embeddable":true,"href":"https:\/\/le-caillou.le-pic.org\/index.php?rest_route=%2Fwp%2Fv2%2Ftribe_events_cat&post=2083"}],"curies":[{"name":"wp","href":"https:\/\/api.w.org\/{rel}","templated":true}]}}

Exposition: galerie &lsquo;loin de l’œil&rsquo; . Gaillac

<h2><strong>Gudrun Schwenk. Maurice Grelaud. Sébastien Tarot. exposeront leurs œuvres .</strong></h2>
<h3><strong>Vernissage le samedi 13 juin à partir de 16 heures</strong></h3>

<p>Gudrun Schwenk. Maurice Grelaud. Sébastien Tarot. exposeront leurs œuvres . Vernissage le samedi 13 juin à partir de 16 heures</p>
